(j) = -3*j + j - 212*j**3 - 2 - j**2 + 0*j**2. Is c(h) prime?
True
Let a = -2590 + 6557. Is a a composite number?
False
Is (-18)/27*(-813)/2 a composite number?
False
Is ((1/2)/(-1))/((-145)/3665890) a composite number?
False
Let p(o) = 15*o**2 + 62*o + 10. Is p(-15) a composite number?
True
Suppose -8 = 2*r, -2 = c - 4*c - 4*r. Suppose -2*v - 1452 = -6*v. Is v/c - 15/6 composite?
True
Let c be ((-2)/4)/((-10)/(-100)). Is (-3)/1 - (c + -1085) a composite number?
False
Suppose 5*c = 3*g + 394, 3*c = -g + 3*g + 237. Suppose c = 11*d - 10*d. Is d composite?
True
Let t = 80 + -41. Is (0 - 2/(-14)) + t/21 a prime number?
True
Let p(y) = 10*y**2 + 0*y + 0*y - 6*y + 7. Let s = -739 + 742. Is p(s) a prime number?
True
Suppose -5 = 2*b + 3*p - 30, 2*p = 10. Is 449 - b*24/30 a prime number?
False
Let w(k) = -8*k + 1. Let h be w(-1). Suppose f - h*f = -12048. Suppose -n + 7*n = f. Is n a prime number?
True
Let c = -4 + 7. Suppose -330 = c*o - 903. Is o composite?
False
Let x(d) = -d**3 - 23*d**2 - 18*d - 33. Let z be x(-23). Suppose h = 3*q + q + z, 4*h - 1464 = 4*q. Is h prime?
False
Suppose -246*a = -233*a - 676663. Is a a prime number?
True
Let m(u) = -u**3 + 11*u**2 + 21*u + 38. Is m(-13) prime?
True
Let n(g) = -3*g + 40. Let y be n(12). Suppose -y*i + 1720 = -5452. Is i composite?
True
Let l(v) = -v + 4. Let a be l(1). Suppose -3*u - a*f + 1131 = 0, f = -5*u + 1039 + 854. Is u a composite number?
False
Suppose i - 10*i + 33849 = 0. Is i prime?
True
Suppose -s + 1599 = -3086. Is s prime?
False
Let f(n) = -n**3 + 10*n**2 - 3*n + 4. Let a be f(8). Let c = -62 + a. Is c a composite number?
True
Suppose w + 2*g = 32769, 5*w = 7*g - 11*g + 163851. Is w composite?
False
Let v = 689 - 1030. Let l = v + 1604. Is l prime?
False
Let u be -2 + (-3 - (2 + -3)). Let n(q) = -512*q - 8. Let p be n(u). Suppose 0 = 3*k - p + 351. Is k a prime number?
True
Let y(d) = -18*d**3 - 2*d**2 - 10*d - 7. Is y(-2) a composite number?
False
Suppose 34*f - 965485 = -94643. Is f prime?
False
Suppose -4290 = -v + z - 0*z, 5*v - 21435 = 2*z. Suppose 3925 = 4*y + t + 508, v = 5*y + 4*t. Is y a prime number?
True
Let u = 648 - 448. Suppose 0 = -v - x + 304, -v = 4*x - u - 95. Is v composite?
False
Let d = -5707 - -8870. Is d a prime number?
True
Let g(d) = -d**3 - 5*d**2 + 3*d - 2. Let y be g(-6). Suppose n + 0*h = 4*h - 13, 4*n + h = y. Is 94*n/6*1 prime?
True
Let u be (1 + -5)*(0 - (-4)/(-8)). Suppose 0*r + 2*r - u*a - 420 = 0, 405 = 2*r + a. Is r prime?
False
Let w(q) = -2*q**2 + 12*q - 1. Let p be w(9). Is (-3 + p/(-15))*51 composite?
True
Suppose 6*u = 103 + 305. Let l = u + 65. Is l a composite number?
True
Suppose -3*t - 5*f + 78 = 0, 5*f - 27 = 2*t - 79. Suppose 4*r = 2*c - t, -3*c - 2*r = 2*r + 11. Is 662*1*c/6 a prime number?
True
Is (-11 - 425116/(-7)) + (-6)/7 a prime number?
True
Is (-7 - (-20 - -12))*66877 a prime number?
True
Let s(k) = -4*k**2 + 3*k + 10. Let o be s(-2). Is (10398/o)/(-2 - (-9)/6) composite?
False
Let b(h) = 13*h**2 + 4*h + 6. Let n be b(-1). Is 17815/n - 4/(-3) a composite number?
True
Is (-1)/(-3)*(-45903)/(-13) a prime number?
False
Let w(t) = -t**3 + t**2 + 6*t + 7. Let u(v) = 3*v**3 - 2*v**2 - 18*v - 20. Let b(r) = 4*u(r) + 11*w(r). Is b(5) prime?
True
Suppose -119*h + 3514 = -112*h. Is h a composite number?
True
Is 325515/(-3)*((15 - 8) + -8) a composite number?
True
Let b be (-2)/(12/(-531))*28/6. Suppose -b - 472 = -3*p. Is p prime?
False
Let c be (-12)/(-4) - 1 - (-4 - -1). Suppose -4*m = 4*f - 24 - 0, 2*f + c*m - 9 = 0. Is f prime?
True
Suppose 6*l + 47 = 1169. Is l a prime number?
False
Is (-2 + 0 + 5)/((-39)/(-55523)) a prime number?
True
Let p(r) = 9*r**2 - 2*r - 2. Suppose -c = 6*c. Suppose -3*n - 4*n - 21 = c. Is p(n) a prime number?
False
Let m(q) = 3*q**2 + 13*q - 33. Suppose -6*i - 71 = -5. Is m(i) a composite number?
True
Let m be 1 + (-104742)/(-44) + (-2)/4. Suppose 0 = -2*q + m + 4805. Is q a composite number?
False
Suppose 4*s = -7*h + 12*h + 4, 3 = 4*h + 3*s. Let j(u) = -37*u. Let m be j(-4). Suppose -m = -2*o - 3*y + y, -2*o + 2*y + 160 = h. Is o prime?
False
Let q be ((-1124)/6)/((-26)/(-39)). Let c = 78 - q. Is c composite?
False
Let c be (0 - 0) + -1 + (45 - 12). Let v = 330 - c. Is v a composite number?
True
Let x be 1 - (-3 + -4 - -3). Suppose -x*j + 30276 = j. Suppose -873 = -3*z + j. Is z composite?
False
Let v(i) = 89*i + 4. Let l(m) = -m**3 + 4*m**2 + 5*m + 4. Let g be l(5). Let b be v(g). Suppose 5*d - b - 435 = 0. Is d a prime number?
False
Let g(b) = 9*b - 75. Let c(s) = -49*s + 413. Let m(o) = 5*c(o) + 28*g(o). Is m(16) composite?
True
Suppose 0 = -v - 4*i + 8, -4*v + 0*v + i + 15 = 0. Suppose 3*l - 6709 = -4*a, v*a - 6719 = -3*l + 2*a. Is l a prime number?
True
Suppose -5*x + 3*u + 40 = 0, 0 = -2*x - u - u. Suppose x*r = 3*o + o - 189, 4*r = -20. Let y = 422 - o. Is y a prime number?
False
Suppose -26*k = -28*k + 2*j + 7946, 0 = -k - 4*j + 3993. Is k a composite number?
True
Let s(f) = 6*f**2 + 7*f - 9. Let t be s(-7). Suppose l - 6*l = -2*w - t, -2*w - 196 = 5*l. Is -2 - w/(-2 - -3) a prime number?
False
Let y = 11 + -11. Let g(t) = -t**3 + t**2 - t + 251. Is g(y) a prime number?
True
Let r(s) = 2*s**3 + 10*s**2 + 18*s + 25. Is r(13) a prime number?
True
Suppose 2*r = r - 14. Let o(a) = -a - 1. Let j(i) = -i + 11. Let x(s) = j(s) + 4*o(s). Is x(r) a composite number?
True
Let c be ((-14)/5)/(1/(-5)). Let j be (-1 - c)*(-6)/18. Suppose -j*b + 7 = -23. Is b a prime number?
False
Let v(y) = 6*y**2 + 82*y - 27. Is v(-24) composite?
True
Is (-720390)/(-27) - 10/90 prime?
True
Let c(j) = j**3 + 9*j**2 - j - 7. Let u be c(-6). Let o be 1 + u + 4/(-4). Suppose o = n - 48. Is n prime?
False
Let d(l) = -897*l**3 + l**2 - 2*l - 7. Is d(-2) a composite number?
False
Suppose -6*q = -46 - 38. Let h(t) = 2*t**2 - 6*t + 23. Is h(q) a composite number?
False
Suppose 5*r = -3*t + 30514, -2*t - 13079 = -2*r - 883. Is r composite?
False
Suppose 9*p + 16547 = 151880. Is p a prime number?
False
Let q(a) = 3*a**2 - 8*a + 22. Let d be q(-23). Suppose 3*s + 380 = d. Is s a prime number?
False
Let i = 6 + -3. Let h(t) = 4*t - 39. Let g be h(-18). Is (i + 0)/((-9)/g) prime?
True
Let p(q) = 60*q + 479. Is p(17) a prime number?
True
Let g = 31 - 27. Suppose 1043 = l - t - 149, -g*t = -5*l + 5959. Is l a prime number?
False
Is 108/72 + (-226479)/(-2) prime?
False
Suppose 0*r - 32 = -4*r. Let k be 1180/r + (-1)/2. Suppose 0 = -b + 4*b - 3*i - 366, 4*i = -b + k. Is b a composite number?
False
Let z(o) = -29*o - 41. Is z(-8) composite?
False
Suppose -3*i - 6*f + 3791 = -2*f, 0 = 5*i + 3*f - 6300. Is i a composite number?
True
Let i = -507 - -844. Is i a prime number?
True
Let k(m) = 1588*m - 4. Let j be k(1). Suppose -2*g - 550 + j = 0. Is g prime?
False
Let n be 291/(-15) - 6/10. Let m = n + 17. Is (555 - -4)*(m - -4) prime?
False
Let d(j) = 305*j**2 + 5*j - 17. Is d(5) composite?
True
Let m(g) = g**3 - 18*g**2 - 20*g + 24. Let o be m(19). Suppose 6 = -2*u, o*u - 4536 + 1043 = -4*v. Is v a prime number?
True
Suppose 6*x = 12725 + 9769. Is x composite?
True
Suppose 17*l + 231 - 758 = 0. Is l composite?
False
Suppose 2*g - 3 = -7. Let y be -4*3/12*g. Suppose -y*t + 6*t - 148 = 0. Is t a prime number?
True
Let l(j) = 2*j**3 - 8*j**2 + 3*j + 8. Let v be l(-8). Is v/(-8)*3/6 prime?
True
Let v(d) be the second derivative of -d**5/20 + 5*d**4/2 + 41*d**3/6 - 17*d**2/2 - 39*d. Is v(31) a composite number?
False
Is 330663/7 + ((-384)/(-56))/(-12) a composite number?
False
Suppose 65*x = 64*x + 3899. Is x a composite number?
True
Suppose 3*w + 0 = -3. Let v be (w - -6)*(-2 - 0). Is (v/(-20))/(2/92) a composite number?
False
Suppose 4*q - 173894 = -3*q. Is q a prime number?
False
Let a = 1 - 109. Let f be (-4)/6*a/2. Let g = f - -29. Is g prime?
False
Let i be (-3)/15 + (-78)/(-15). Suppose 14*b = i*b + 2961. Is b a composite number?
True
Suppose 18 - 1 = c. Let f(j) = j - 10. Let u be f(c). Suppose 0 = 6*g - 5*g - u. Is g a prime number?
True
Suppose 14*p - 10*p = 0. Suppose p*h + 2*h = 2942. Is h a composite number?
False
Suppose 5*z - 31 = -11. Is ((-2228)/(-8) + z)/(1/2) composite?
True
Let l(q) = 2*q**3 - 3*q**2 - 9*q + 10. Let i be l(10). Suppose 7*r + i = 12*r. Suppose 3*b = r + 579. Is b a prime number?
False
Let w(m) = 20*m**2 + 36*m - 13. 